**2 - 73*p + 141. What is the tens digit of k(31)?
2
Let v = 16 + 6. Suppose -r + v = r. Suppose r*o = 8*o + 21. What is the units digit of o?
7
Suppose 5412 = 20*t - 5868. What is the units digit of t?
4
What is the tens digit of (0 - -7) + 270592/151?
9
Let g(n) = -n**3 + 35*n**2 - 14*n - 40. What is the hundreds digit of g(13)?
4
Suppose 5*m - 20 = m. Let c(x) = -3*x + 31. Let q be c(7). Suppose i - 3*l = -q, 3*i + m*l - 30 = 10. What is the units digit of i?
5
What is the hundreds digit of (7 - 9)*(0 - 5225/10)?
0
Suppose -132 = -4*v + 44. Let m = -19 + 45. Let q = v - m. What is the units digit of q?
8
Let h(p) = -p**3 + 4*p**2 + 3*p - 4. Let i be h(4). Suppose -5*s - i = -9*s. Suppose s*z + 17 = 3*z. What is the tens digit of z?
1
Let a be -24*(-14)/(-4) + -1 + 1. Let f = 173 + a. What is the units digit of f?
9
Suppose g + 3*b = 1680, -4*g + 9121 = -2*b + 2457. What is the hundreds digit of g?
6
Suppose 4*w + 7 = 3*w. Let p(m) be the third derivative of -m**5/60 - m**4/3 + 4*m**3/3 + 4*m**2. What is the units digit of p(w)?
5
Suppose -t = -4*t + 3*q + 2793, 5*t + 2*q - 4641 = 0. What is the units digit of t?
9
Let j = -103 + 249. What is the hundreds digit of j?
1
Let n = -1292 + 1817. What is the units digit of n?
5
Let u(s) = -s**2 - 9*s - 10. Let f be u(-7). Let w = -1 + f. Let t = 0 + w. What is the units digit of t?
3
Let v = 5 + -3. Let r be 178/8 + (-7)/28. Suppose v*b - r = -4. What is the units digit of b?
9
Let f(k) = -2*k**2 - k - 12. Let t be f(0). Let g(q) = -q**2 - 19*q + 27. What is the units digit of g(t)?
1
Let b(g) = -21*g + 18. Let s be b(-6). Suppose k + 589 = 5*k - d, -k - 3*d = -s. What is the hundreds digit of k?
1
Let m(q) = 17*q**2 + 24*q + 25. What is the hundreds digit of m(-6)?
4
What is the tens digit of ((-282)/(-4))/(-4 - 747/(-180))?
7
Suppose 10*l = 5*l + 25. Suppose -4*d + 4*q + 426 = -d, -5*q = -l*d + 710. What is the tens digit of d?
4
Suppose -2*s + 96 = -56. Let i = s - 33. What is the units digit of i?
3
Let j(b) = -b**3 - 2*b + b - b**3 + 3*b**3. Let t(k) = -k**3 + 8*k**2 + 4*k - 9. Let n(r) = 2*j(r) + t(r). What is the units digit of n(-7)?
6
What is the thousands digit of (112/20)/((-14)/(-7525))?
3
Suppose 31*o = 22*o + 8586. What is the units digit of o?
4
Let b = 1275 + -1905. What is the hundreds digit of b/(-12)*(1 + 1)?
1
Let u(a) be the third derivative of -a**4/24 - 5*a**3/3 - 5*a**2. Let m(n) = -n - 11. Let o(k) = -5*m(k) + 6*u(k). What is the units digit of o(-8)?
3
Suppose -2*z = 3*z - 160. Let v = -387 - -359. Let f = z - v. What is the units digit of f?
0
Let b be (2 - 0)*-3*-1. Let l(m) = m**3 - 5*m**2 - 8*m + 3. Let x be l(b). What is the tens digit of ((2 - x) + 2)*2?
2
Suppose -5*z - 5*o = -285, -5*z - 2*o = -57 - 240. Suppose 0 = 3*x - z - 38. Suppose n = 3*r + 21, -2*n - r - 2*r = -x. What is the units digit of n?
8
Let d(f) = f**3 - f**2 - 4*f + 7. Let b be d(3). Suppose 4*r = -l + 16, 0 = 5*r - 10*r - l + 19. Let x = b + r. What is the tens digit of x?
1
Let w(b) = 4*b**2 + 15*b - 30. What is the units digit of w(-16)?
4
Let m = 5957 + -3027. What is the tens digit of m?
3
Let w(r) = r**3 + 13*r**2 + 4*r - 28. What is the tens digit of w(-7)?
3
Let r(f) = -f + 1. Let s be r(-1). Suppose 8*m - 319 = 3*m - 3*z, 2*m + s*z = 126. What is the units digit of m?
5
Let v(y) = 8*y**3 - y**2 - y. Let x be v(-1). Suppose 4*i + 129 = 7*i. Let s = i + x. What is the units digit of s?
5
Suppose -2 - 2 = -x. Suppose d - x*q = -13, 0 = 2*d + 5*q + 6 + 7. What is the tens digit of 258/d*6/(-4)?
4
Let w = 12 + 6. Let h = w - 14. Suppose -3*i + 88 = -2*f, i = -0*i + h*f + 36. What is the units digit of i?
8
What is the units digit of (4 - (-24415)/15) + 48/(-72)?
1
What is the hundreds digit of 7*-206*(-9)/(1323/84)?
8
Suppose -2*j + 890 = -l, 0*j - 5*l - 1328 = -3*j. What is the hundreds digit of j?
4
Suppose 5*n = c + 87, 0 = 5*n - 0*n + 5. Let v = 161 + c. What is the tens digit of v?
6
Let d = -1123 + 1412. What is the hundreds digit of d?
2
Let s(v) = -v**2 - 10*v + 48. Let u be s(3). Let a(n) = -n**3 + 6. Let y be a(0). What is the units digit of 184/y + 3/u?
1
Suppose 29*w = 31*w - 4. Suppose 4*m + 0*m = -5*b + 735, -2*m = w*b - 366. What is the hundreds digit of m?
1
Let b(n) = -17*n + 3. Let u be b(-6). Suppose 4*m - u = 479. What is the units digit of m?
6
What is the units digit of 5*(1377/15 + 3)?
4
Let j(o) = -6*o + 7. Let k(w) = -8*w + 7. Let v be k(2). What is the tens digit of j(v)?
6
Suppose 2*q - 238 = -0*q. Suppose 0 = -4*b - 3*u + q, 4*u = 3 + 17. Let o = b + -14. What is the units digit of o?
2
Let u(b) = 39*b + 9. Let w(p) = -3*p - 24. Let o be w(-10). What is the units digit of u(o)?
3
Let w be (0 + 1)*(3 + -2). Let j(l) = -2*l + 2*l + w - 2*l - 4*l. What is the tens digit of j(-2)?
1
Let h = -5427 - -9457. What is the thousands digit of h?
4
Suppose -69 = n - 2*n + j, 0 = -n - 3*j + 81. Let t = n - -90. What is the tens digit of t?
6
Suppose -4*s + 82 = -3*s + 2*o, 5*o + 128 = 2*s. Suppose -135 = k + 2*k. Let c = s + k. What is the tens digit of c?
2
Let u(w) = -6*w - 1. Let o be u(-1). Suppose -c + 18 = 14. Suppose c*r = o*r - 21. What is the units digit of r?
1
Let z(l) = l**3 - 10*l**2 + 10*l + 14. Let g be z(8). Suppose n - 32 = 3*n. Let u = n - g. What is the units digit of u?
8
Let r(k) = 1243*k**3 + k**2 + 2*k - 3. What is the thousands digit of r(1)?
1
Let h = 943 - -968. What is the thousands digit of h?
1
Let p = 49 - 29. Let w = -8 + p. Let l = 27 - w. What is the units digit of l?
5
Suppose 4*k - 420 = 10*k. What is the tens digit of (-4)/(7/(k/4))?
1
Let p(s) = -s - 10. Let n be p(-13). Let x(q) = 2*q**3 - 2*q**2 - 5*q + 4. Let y be x(n). Suppose -f = -4, 3*v + f - y = 39. What is the tens digit of v?
2
Let i(p) = 2*p**2 + 9*p + 69. What is the tens digit of i(12)?
6
Suppose 0 = 5*t + 27 + 23. Let w be t/(-5 - (0 + -3)). Let a = w - 3. What is the units digit of a?
2
Let m = -100 + 114. What is the tens digit of m?
1
Suppose 0 = -0*n + 3*n - 36. What is the hundreds digit of -4*(-3)/n*127?
1
Let g = 68 - -35. Let u = g + -47. What is the units digit of u?
6
Let y = 165 + -26. Let a = -67 + y. What is the units digit of a?
2
Let f = -3 - -5. Suppose -414 = -5*y + 2*g, 56 + 104 = 2*y + f*g. What is the units digit of y?
2
Let g = -276 - -5118. What is the hundreds digit of g?
8
What is the units digit of 5762/15 - 42/315?
4
Let m be 27 - 14 - (0 + -4). Let h = m - 19. What is the units digit of (-300)/(-21) - h/(-7)?
4
Let h(y) = y**3 - 6*y**2 + 6*y + 5. Let z be h(6). Let o be (-3)/2*((-5)/(-5) - 3). Suppose n + x = z, -n + 3*x = o*n - 164. What is the tens digit of n?
4
Suppose 2*a - 195 = 441. What is the hundreds digit of a?
3
Let g be (9/(-3))/((-21)/14). Suppose g*x - 3 = -4*f - 1, f = -2*x + 11. What is the units digit of (-3)/(-15)*0 + x?
7
What is the hundreds digit of -38*(5 + -6)*10?
3
Suppose -5*m = -a - 340 - 94, 2*a = 3*m - 259. Let c = -61 + m. What is the tens digit of c?
2
Let p(j) = -4*j**3 - j**2 - 3*j - 1. Let z be p(-2). Let y = 0 + z. What is the units digit of y?
3
Suppose 9*l + 131 = -94. What is the tens digit of 10/l + 1088/20?
5
Let m be (-600)/(-8)*(3 + -2). Suppose w - m = 174. What is the hundreds digit of w?
2
Let y = -101 + 271. What is the hundreds digit of y?
1
Let o(z) = -6*z - 20. Let y(v) = v**3 - 4*v**2 - 4*v + 3. Let g be y(5). Suppose 3*q - 2*q + g = 0. What is the tens digit of o(q)?
2
Suppose 3*t = 4*t + 18. Suppose -11*l + 580 - 129 = 0. Let z = l + t. What is the units digit of z?
3
Let u(i) = -i**2 - 14*i - 8. Let n be u(-13). Suppose -2*d - 646 = -5*b, -4*d - 524 = -n*b + b. What is the units digit of b?
8
What is the hundreds digit of ((-25)/(-30))/(15/9)*1844?
9
Suppose -5*g - 2*j = -845, 5*g = -5*j + 4*j + 840. What is the tens digit of g?
6
Suppose 270 = 14*z - 4*z. What is the units digit of z?
7
Suppose 2*a - 4*y = 7*a - 3350, -4*a + 2680 = 2*y. What is the units digit of a?
0
Suppose 0 = -75*a + 73*a - 292. What is the tens digit of 22/(-110) + a/(-20)*14?
0
Suppose -3*d - 2*r + 556 = -940, -5*r - 2010 = -4*d. Suppose 8*y - d = 3*y. Suppose 2*c = -4 + y. What is the tens digit of c?
4
Suppose 0 = -p - 3*p + 8. Let g be p/1 - (4 + 2). What is the units digit of (g/(-3))/(6/135)?
0
Let k = -56 + 61. Supp